 2 + 1/6*g**3 - 23*g. Determine s(-7).
-9
Let h(p) = p**3 + 7*p**2 - 4. Suppose 5*l - 54 = -g, -g - g = -l + 2. Let w(k) = 3*k**2 - 22*k + 13. Let y be w(l). Let s = y + -100. Determine h(s).
-4
Let h = -123 - -123. Suppose -3*c - 2*v + 21 = 3*v, -4*c + 4*v - 4 = h. Suppose 21 = -2*x - 5*z, 5 - 1 = -3*x - c*z. Let a(w) = -w**3 + 4*w - 3. What is a(x)?
-3
Suppose -2727*a + 2720*a - 98 = 0. Let z(x) = -33 + 0*x**3 + x**3 - x + 13*x**2 - 15*x. Let d be z(a). Let j(n) = n**2 + 2*n - 6. Give j(d).
9
Let q = -2 + -2. Let u(h) be the third derivative of -h**5/60 - 5*h**4/24 - h**3/6 - 93149*h**2. Determine u(q).
3
Let i(u) = -13*u**3 + 4*u**2 - 15. Let k(f) = 15*f**3 - 4*f**2 + f + 17. Let r(d) = -7*i(d) - 6*k(d). Let z = 482 - 477. What is r(z)?
-2
Suppose 42*l - 4*p - 34 = 45*l, -2*l = 2*p + 20. Let v(m) be the first derivative of -m**2 - 6*m - 23. Give v(l).
6
Suppose 0*r - 4*r = -4. Let t(n) = -9*n**2 - 6*n + 2. Let s(l) = -2*l**2 + 1. Let z(q) = r*t(q) - 4*s(q). Determine z(-5).
3
Let f(v) = v**3 - 6*v**2 - 6*v - 3. Let y = -130 + 84. Let a = 75 - 128. Let w = y - a. Determine f(w).
4
Let q be 6*((-18)/(-60) - (-1)/5). Let n(h) = 9*h - 25. Determine n(q).
2
Suppose -4*h + 460 = 5*x, x - 368 = -3*x - 3*h. Let w(m) = m**3 - x*m + 46*m + 45*m + m**2 - 3. Calculate w(-2).
-5
Let q be (8/5)/(3/(-120)*-8). Let p(j) = 4*j + 4. Let y(s) = 1 - 5*s + 0*s - 6. Let c(o) = 3*p(o) + 2*y(o). Give c(q).
18
Let d(s) = 11*s - 111. Suppose 5*i + 26 = -o + 31, 3*i = -4*o + 37. What is d(o)?
-1
Let w(z) = z**3 - 14*z**2 - 16*z + 9. Let l be w(15). Let o(p) be the second derivative of -p**4/12 - 3*p**3/2 - 6*p**2 + p - 40. What is o(l)?
6
Let h(n) = n + 8. Suppose -448 = 3*z - 12*m + 8*m, -4*z - 556 = 5*m. Let l = -151 - z. Give h(l).
1
Let w(b) be the second derivative of b**5/20 - b**4/2 - 3*b**3/2 - 5*b**2 + 44*b + 11. What is w(7)?
-24
Suppose -2*s + 5 = 3*s. Let o(d) be the third derivative of -1/30*d**5 - 1/24*d**4 + 1/6*d**3 + 70 + 0*d - 2*d**2. What is o(s)?
-2
Let n(l) = 2*l + 4. Let u(t) = t**3 + 6*t**2 - 11*t - 24. Suppose -r - 3 = 4. Let y be u(r). Suppose 12*v = 13*v + y. Calculate n(v).
-4
Let t(q) = q**2 - 13*q + 14. Let u be t(11). Let j be (-1 - 0 - -6)*(-3)/(-5). Let s(m) = -j + 2*m**3 - m**3 + 7*m + 9*m**2 + 2*m**3 - 2*m**3. Calculate s(u).
5
Let x(c) = -c**2 + 5*c - 3. Suppose 0 = 2*n - b + 2685, -5*n = -4*n + b + 1347. Let u be 4 + ((-3)/2)/(63/n). Suppose 2*k + u = 8*k. Determine x(k).
-9
Let c = -3 + -1. Let l be (c + 4)*(-1 - -2). Let r(g) = 3*g**2 + 207*g - 2. Let m(a) = -5*a**2 - 331*a + 3. Let p(w) = 5*m(w) + 8*r(w). What is p(l)?
-1
Suppose -177 = -4*f + 2*g + g, -2*f - g + 91 = 0. Let s = f - 80. Let l = 35 + s. Let i(q) = q**3 - q**2 - q + 11. Give i(l).
11
Let m(o) = -56*o - 17. Let x(j) = -41*j - 12. Let b(v) = -5*m(v) + 7*x(v). Let k = 2 - 1. Calculate b(k).
-6
Suppose 44*z - 154 - 48 = 62. Let p(w) = 115*w - 689. Calculate p(z).
1
Let w(l) = -6*l**3 + 1. Let p = 627 + -623. Suppose -p*x = 2*f - 18, -40*x + 35*x = -25. What is w(f)?
7
Let y(k) = -k**3 + k**2 - k + 5. Let n be ((-4)/(-6))/(12/162). Let v(r) = 5 - 27*r + r**2 + 4 + 0 + 17*r. Let i be v(n). Determine y(i).
5
Suppose 29 = 8*t + 677. Let o = t + 78. Let x(h) = 13*h + 4. Calculate x(o).
-35
Let m(g) be the third derivative of g**6/60 - g**5/60 - 19*g**2 + 1. Suppose 54 = 5*j - 6. Let c = j + -11. Give m(c).
1
Let y(r) = r + 10 + 81485*r**3 + 6*r**2 + 13*r**2 - 81486*r**3 - 5*r - 13*r**2. What is y(6)?
-14
Let z(y) = 4368*y + 55 + 21*y**2 - 8 - 4348*y - y**3. What is z(22)?
3
Let t(y) = 21*y - 2. Let o(p) = -3*p**3 + 41*p**2 + 15*p - 16. Let l be o(14). Calculate t(l).
-44
Let a(m) be the third derivative of -m**6/60 + m**5/30 - m**4/8 - 3*m**2 + 37. Let y = 408 - 406. Give a(y).
-14
Let l(y) = y - 11. Let q(w) = -7*w + 75. Let b be q(9). Suppose 20*j = b*j + 40. Calculate l(j).
-6
Let w be -3 - -6 - (0 + -1). Suppose -7*s + w*s = 18. Let k(z) = -3 + 0 - 4*z + 3*z - 1. Calculate k(s).
2
Suppose -3*i = -2*v - 62, -2*i - 3*v = -13 - 11. Let d(l) = -2*l. Let f(m) = 17*m + 1. Let z(t) = i*d(t) + 2*f(t). Give z(-4).
10
Let j(x) = x**3 + 8*x**2 - 10*x + 1. Let y = -2380 + 2371. Determine j(y).
10
Suppose 3*r + 5*b = 143, r + 4*r - 235 = -5*b. Let g(l) = -4*l + r - 79 + 30. Calculate g(-2).
5
Let q(p) = -p**3 + 3*p**2 + p + 1. Let c(o) = 2*o**2 - 24*o + 18. Let z be c(10). Let i be (-2 - 2 - (-15)/5)*z. Let h = 24 - i. Calculate q(h).
7
Let b(t) = -4*t**3 - 5*t + 3. Let z(f) = 10. Let h(n) = b(n) - z(n). Give h(-2).
35
Suppose 36*o - 493 - 921 = 137*o. Let d(a) = -a**3 - 15*a**2 - 14*a + 8. Give d(o).
8
Let o(l) = -4*l**2 - 2*l + 3 - 11*l**2 + 11*l**2 - l**3. Let h(k) = k**2 - 5*k + 4. Let a be h(4). Suppose -8*w - 13 - 11 = a. Determine o(w).
0
Let x(t) be the third derivative of 0*t - 1/2*t**3 - 51 - 1/8*t**4 - t**2. Determine x(2).
-9
Let m(r) = r**3 - 6*r**2 - 6*r. Let f(a) = 4*a**3 - 3*a**3 + 4*a**2 + 5*a - 10*a**2 - 3*a - 5. Suppose 0 = -4*n + 17 + 7. Let o be f(n). What is m(o)?
7
Let i = -23 - -29. Suppose i = c - 2. Let f(y) = y**2 - c + 9 + 3 - 8*y. Determine f(3).
-11
Suppose 7 = v + 5. Let x(w) = -w - 14*w**v - 6 + 13*w**2 - w - 4*w. Determine x(-5).
-1
Let a be 2 + (-9)/6 + (-185)/10. Let q be (-24)/a + (-6)/18. Let o(y) = -18*y**2 + y - 1. What is o(q)?
-18
Let d(s) = 21*s**3 - 19*s**2 - 6*s - 15. Let x(c) = 10*c**3 - 8*c**2 - 2*c - 7. Let n(m) = -3*d(m) + 7*x(m). Determine n(2).
64
Suppose -6*i + 130 - 442 = 0. Let g = 42 + i. Let k be (15/g - 3)*2. Let j(b) = b**3 + 8*b**2 - 10*b - 8. Determine j(k).
1
Let q(a) = 17 - 34*a - 1 - 7 - 4. What is q(-3)?
107
Let v = 37718 - 37695. Let o(a) = -14*a + 291. Give o(v).
-31
Let s(i) = i**2 + 8*i - 7. Suppose 18*g = -2*g + 560. Let u = -35 + g. Determine s(u).
-14
Suppose -4*h + 20 = 0, -5*g - h = 455 - 530. Let t(x) = -22*x + 274. Determine t(g).
-34
Let t = 838 - 802. Let s be (3 - 1)*-18 - 1. Let b = t + s. Let f(u) = -3*u - 1. Calculate f(b).
2
Let l(p) = -2*p + 8. Let i(d) = 6*d + 0*d - 3*d - 65 + 11*d. Let o be i(5). Determine l(o).
-2
Suppose 4*o = -4, 2*f - 2*o = -4*o + 2. Let s(r) = 6*r**3 + 17*r**2 - 2*r + 4. Let w(l) = -13*l**3 - 38*l**2 + 5*l - 9. Let d(m) = 9*s(m) + 4*w(m). Give d(f).
24
Let g(d) = -d**3 - 12*d**2 + 13*d - 2. Let b = 128 - 131. Let n(w) = w - 10. Let k be n(b). Determine g(k).
-2
Let l(c) be the second derivative of -c**4/12 - 35*c**3/3 - 141*c**2/2 - 1441*c. Give l(-2).
-5
Let g be (-4)/(-8) - (-636)/8. Suppose -27*r - 1 = g. Let y(f) = f**3 + 3*f**2 + 3*f - 1. Give y(r).
-10
Let g(p) = -p**3 - 28*p + 34*p**2 - 11*p**2 - 7*p**2. Calculate g(14).
0
Let a(z) = z + 10. Let l(h) = h**3 + 3*h**2 - 2*h + 3. Let y be l(-3). Let u(w) = -w + 25. Let x be u(y). Suppose 27*v = 25*v - x. Determine a(v).
2
Let w(u) = 11*u + 13. Suppose c - 2 = -5. Let h(n) = 4*n + 4. Let t(f) = c*w(f) + 8*h(f). Suppose 19*i - 18*i + 2*l = 3*l, -2*i + 5*l = 0. What is t(i)?
-7
Let p(x) = 45*x - 42. Let o be ((-134)/6 - -20)/(21/(-9)). Calculate p(o).
3
Let g(t) = -3*t - 4. Let i(w) = -1. Let z(r) = g(r) - 3*i(r). Suppose -8*l + 57 = -5*l. Suppose 0 = 2*n + l - 23. Calculate z(n).
-7
Let u(y) be the third derivative of -y**6/360 - 13*y**5/120 + y**4/24 + 13*y**3 - 2*y**2 - 2*y. Let w(c) be the first derivative of u(c). Calculate w(-13).
1
Let c(v) be the second derivative of -v**5/20 - 5*v**4/6 + 25*v**3/2 + 4*v**2 + 3423*v. Determine c(-15).
8
Let j(z) be the first derivative of z**4/24 + 2*z**3/3 + z**2 + 7*z + 75. Let n(d) be the second derivative of j(d). Calculate n(8).
12
Let q(p) = -p**3 + 4*p**2 - 2*p - 3. Let d(t) = t**3 - 5*t**2 + 2*t + 4. Let b(k) = 41*k + 121. Let r be b(-3). Let i(c) = r*d(c) - 3*q(c). What is i(3)?
16
Let s(f) = -f**3 + 5*f**2 + 6*f - 9. Let o be 2/19 + 1248/57. Let c = -16 + o. Give s(c).
-9
Let l = 583 + -583. Suppose -2*d + 2*s + 3 = d, -4*d + s - 1 = l. Let w(n) = -12*n - 2. Calculate w(d).
10
Let f(r) = 439*r**2 - 16*r + 10. Let d be f(-15). Let b(k) = -14 + 99025*k - d*k + k**2. Give b(0).
-14
Let c(w) = -w**3 + 32*w**2 + 69*w - 42. Let m be c(34). Let t(g) = -2*g**2 - 14*g - 4. Give t(m).
-20
Let c(o) = -82*o + 24*o + 3 + 0 + 32*o + 25*o. Let i = -64 + 55. What is c(i)?
12
Let r(a) = -2*a - 73. Let v = 14401 + -14437. Calculate r(v).
-1
Let m(r) = r**3 - 29*r**2 + 2*r - 58. Let v(a) =